emainder when 16133 is divided by 3188?
193
What is the remainder when 61288 is divided by 1977?
1
Calculate the remainder when 146830 is divided by 483.
481
Calculate the remainder when 18179 is divided by 387.
377
Calculate the remainder when 317562 is divided by 61.
57
Calculate the remainder when 310303 is divided by 39.
19
Calculate the remainder when 802712 is divided by 11.
9
What is the remainder when 2219 is divided by 68?
43
Calculate the remainder when 36024 is divided by 30.
24
Calculate the remainder when 43794 is divided by 2211.
1785
What is the remainder when 12980 is divided by 17?
9
Calculate the remainder when 329726 is divided by 256.
254
What is the remainder when 1738 is divided by 338?
48
What is the remainder when 8609 is divided by 84?
41
Calculate the remainder when 127488 is divided by 13.
10
Calculate the remainder when 119108 is divided by 221.
210
What is the remainder when 11310 is divided by 761?
656
What is the remainder when 25402 is divided by 5076?
22
Calculate the remainder when 18389 is divided by 1405.
124
Calculate the remainder when 1097 is divided by 513.
71
Calculate the remainder when 531089 is divided by 70.
69
Calculate the remainder when 1802 is divided by 888.
26
Calculate the remainder when 2714 is divided by 40.
34
What is the remainder when 47556 is divided by 17?
7
What is the remainder when 17372 is divided by 207?
191
What is the remainder when 42432 is divided by 4241?
22
Calculate the remainder when 28756 is divided by 287.
56
Calculate the remainder when 9375 is divided by 39.
15
Calculate the remainder when 62817 is divided by 20772.
501
What is the remainder when 407 is divided by 336?
71
What is the remainder when 1264397 is divided by 218?
215
What is the remainder when 15339 is divided by 901?
22
Calculate the remainder when 150884 is divided by 268.
0
Calculate the remainder when 1541 is divided by 422.
275
Calculate the remainder when 25110 is divided by 138.
132
Calculate the remainder when 20877 is divided by 10431.
15
What is the remainder when 78638 is divided by 105?
98
Calculate the remainder when 43008 is divided by 935.
933
What is the remainder when 8842 is divided by 42?
22
What is the remainder when 2048 is divided by 541?
425
What is the remainder when 67130 is divided by 17?
14
What is the remainder when 807842 is divided by 5?
2
What is the remainder when 11019 is divided by 1654?
1095
What is the remainder when 30198 is divided by 110?
58
What is the remainder when 144 is divided by 115?
29
What is the remainder when 5289 is divided by 4902?
387
Calculate the remainder when 21532 is divided by 365.
362
What is the remainder when 1443 is divided by 117?
39
What is the remainder when 293099 is divided by 1954?
1953
What is the remainder when 3776 is divided by 169?
58
Calculate the remainder when 137767 is divided by 34441.
3
Calculate the remainder when 5099 is divided by 5077.
22
What is the remainder when 44423 is divided by 142?
119
What is the remainder when 60876 is divided by 136?
84
Calculate the remainder when 3303 is divided by 5.
3
Calculate the remainder when 19187 is divided by 6245.
452
What is the remainder when 7115 is divided by 46?
31
What is the remainder when 278045 is divided by 8?
5
What is the remainder when 6508 is divided by 132?
40
Calculate the remainder when 2657940 is divided by 379704.
12
Calculate the remainder when 401285 is divided by 167.
151
What is the remainder when 2488 is divided by 35?
3
Calculate the remainder when 8537 is divided by 155.
12
What is the remainder when 51049 is divided by 7287?
40
Calculate the remainder when 3815 is divided by 311.
83
What is the remainder when 695034 is divided by 11?
10
Calculate the remainder when 459696 is divided by 17.
16
What is the remainder when 8541 is divided by 777?
771
What is the remainder when 4481 is divided by 557?
25
Calculate the remainder when 2002100 is divided by 1116.
1112
Calculate the remainder when 943 is divided by 846.
97
What is the remainder when 60573 is divided by 891?
876
What is the remainder when 3086 is divided by 3052?
34
Calculate the remainder when 1013 is divided by 76.
25
What is the remainder when 22220 is divided by 7406?
2
Calculate the remainder when 948852 is divided by 97.
95
Calculate the remainder when 4750 is divided by 587.
54
Calculate the remainder when 57379 is divided by 1793.
3
What is the remainder when 2240 is divided by 845?
550
What is the remainder when 1744973 is divided by 571?
568
What is the remainder when 175147 is divided by 58356?
79
What is the remainder when 13367 is divided by 13321?
46
Calculate the remainder when 856 is divided by 31.
19
What is the remainder when 267853 is divided by 236?
229
Calculate the remainder when 6236 is divided by 3107.
22
What is the remainder when 617804 is divided by 154449?
8
Calculate the remainder when 602 is divided by 193.
23
What is the remainder when 6949 is divided by 65?
59
Calculate the remainder when 3687 is divided by 734.
17
What is the remainder when 614 is divided by 298?
18
What is the remainder when 18093 is divided by 48?
45
Calculate the remainder when 23107 is divided by 4621.
2
Calculate the remainder when 6174 is divided by 1542.
6
What is the remainder when 34105 is divided by 34105?
0
Calculate the remainder when 43238 is divided by 5.
3
Calculate the remainder when 1012 is divided by 84.
4
Calculate the remainder when 90998 is divided by 237.
227
What is the remainder when 82838 is divided by 13805?
8
Calculate the remainder when 911 is divided by 138.
83
Calculate the remainder when 93085 is divided by 31028.
1
What is the remainder when 27115 is divided by 3871?
18
Calculate the remainder when 20278 is divided by 18.
10
What is the remainder when 8900 is divided by 278?
4
Calculate the remainder when 936 is divided by 3.
0
What is the remainder when 514 is divided by 512?
2
What is the remainder when 8552 is divided by 138?
134
What is the remainder when 13351 is divided by 11?
8
Calculate the remainder when 1979 is divided by 1971.
8
What is the remainder when 12181 is divided by 320?
21
Calculate the remainder when 70334 is divided by 101.
38
What is the remainder when 1783 is divided by 67?
41
Calculate the remainder when 6157 is divided by 79.
74
Calculate the remainder when 822575 is divided by 59.
56
What is the remainder when 808750 is divided by 115535?
5
Calculate the remainder when 21337 is divided by 10650.
37
Calculate the remainder when 12838 is divided by 137.
97
What is the remainder when 101783 is divided by 727?
3
What is the remainder when 23690 is divided by 570?
320
What is the remainder when 1632 is divided by 29?
8
What is the remainder when 29495 is divided by 192?
119
What is the remainder when 975677 is divided by 216?
5
What is the remainder when 838 is divided by 274?
16
What is the remainder when 82048 is divided by 6823?
172
Calculate the remainder when 6809 is divided by 6793.
16
What is the remainder when 4753 is divided by 584?
81
What is the remainder when 966 is divided by 371?
224
What is the remainder when 3150157 is divided by 52?
49
Calculate the remainder when 22054 is divided by 214.
12
What is the remainder when 48596 is divided by 11?
9
Calculate the remainder when 261229 is divided by 317.
21
What is the remainder when 3592 is divided by 28?
8
Calculate the remainder when 17484 is divided by 603.
600
What is the remainder when 108717 is divided by 21725?
92
Calculate the remainder when 28458 is divided by 2011.
304
What is the remainder when 340410 is divided by 216?
210
What is the remainder when 16432 is divided by 5357?
361
Calculate the remainder when 16335 is divided by 165.
0
What is the remainder when 3584 is divided by 14?
0
Calculate the remainder when 73867 is divided by 304.
299
Calculate the remainder when 7705 is divided by 294.
61
What is the remainder when 13290 is divided by 350?
340
Calculate the remainder when 451329 is divided by 121.
120
What is the remainder when 37703 is divided by 320?
263
Calculate the remainder when 15716 is divided by 715.
701
Calculate the remainder when 1609162 is divided by 12.
10
What is the remainder when 1103 is divided by 71?
38
What is the remainder when 517113 is divid